{"id":29,"date":"2024-11-14T14:29:51","date_gmt":"2024-11-14T13:29:51","guid":{"rendered":"http:\/\/nk-creations.fr\/?page_id=29"},"modified":"2024-11-14T16:00:22","modified_gmt":"2024-11-14T15:00:22","slug":"a-propos-de","status":"publish","type":"page","link":"https:\/\/nk-creations.fr\/?page_id=29","title":{"rendered":"\u00c0 propos de"},"content":{"rendered":"\n<p>NK Cr\u00e9ation, un nom simple obtenu par la combinaison de mes initiales (Nicolas Kernevez) et de mon envie principale: la cr\u00e9ation.<\/p>\n\n\n\n<p>Baign\u00e9 dans la Culture Bretonne depuis ma plus tendre enfance, j&rsquo;ai v\u00e9cu plusieurs vies en quelques ann\u00e9es. Tant\u00f4t danseur, brodeur, chor\u00e9graphe, responsable d&rsquo;associations et membre passionn\u00e9 par la transmission de notre Patrimoine Culturel de Bretagne, dans son ensemble. J&rsquo;ai tr\u00e8s vite ressenti une attirance pour la cr\u00e9ation, le textile, la broderie. Outrepassant cette passion durant une quinzaine d&rsquo;ann\u00e9es, pour me livrer \u00e0 l&rsquo;h\u00f4tellerie restauration, puis l&rsquo;entreprise familiale, je d\u00e9cide en 2024 de me lancer \u00e0 mon tour.<\/p>\n\n\n\n<p>En r\u00e9amor\u00e7ant les techniques acquises durant mon pass\u00e9 de danseur, j&rsquo;ai d\u00e9cid\u00e9 de me rapprocher \u00e0 nouveau de l&rsquo;Ecole de Borderie d&rsquo;Art de Quimper, les cours de Fanny Le Gall m&rsquo;ont rappel\u00e9 ceux de mes plus jeunes ann\u00e9es par Joelle Le Meur, Viviane H\u00e9lias et Odile Le Goic-Le Guyader.<\/p>\n\n\n\n<p>les jours courant, je rencontre Pascal Jaouen, Thomas Jan, Paul Balbous ou encore Sophie Nolf et bien d&rsquo;autres, qui m&rsquo;ont conseill\u00e9, aiguill\u00e9 et rassur\u00e9 dans mon choix d&rsquo;installation et d&rsquo;activit\u00e9. La r\u00e9fection et cr\u00e9ation de costumes bretons, puis de tenues de mariage pour mon entourage ont confort\u00e9 mon d\u00e9sir de cr\u00e9er, de m&rsquo;adapter et d&rsquo;ajouter une touche d&rsquo;\u00e9l\u00e9gance a des pi\u00e8ces d&rsquo;exception.<\/p>\n","protected":false},"excerpt":{"rendered":"<p>NK Cr\u00e9ation, un nom simple obtenu par la combinaison de mes initiales (Nicolas Kernevez) et de mon envie principale: la cr\u00e9ation. Baign\u00e9 dans la Culture Bretonne depuis ma plus tendre enfance, j&rsquo;ai v\u00e9cu plusieurs vies en quelques ann\u00e9es. Tant\u00f4t danseur, brodeur, chor\u00e9graphe, responsable d&rsquo;associations et membre passionn\u00e9 par la transmission de notre Patrimoine Culturel de &hellip; <\/p>\n<p class=\"link-more\"><a href=\"https:\/\/nk-creations.fr\/?page_id=29\" class=\"more-link\">Continuer la lecture<span class=\"screen-reader-text\"> de &laquo;&nbsp;\u00c0 propos de&nbsp;&raquo;<\/span><\/a><\/p>\n","protected":false},"author":1,"featured_media":88,"parent":0,"menu_order":0,"comment_status":"closed","ping_status":"closed","template":"","meta":{"_monsterinsights_skip_tracking":false,"_monsterinsights_sitenote_active":false,"_monsterinsights_sitenote_note":"","_monsterinsights_sitenote_category":0,"footnotes":""},"class_list":["post-29","page","type-page","status-publish","has-post-thumbnail","hentry"],"_links":{"self":[{"href":"https:\/\/nk-creations.fr\/index.php?rest_route=\/wp\/v2\/pages\/29","targetHints":{"allow":["GET"]}}],"collection":[{"href":"https:\/\/nk-creations.fr\/index.php?rest_route=\/wp\/v2\/pages"}],"about":[{"href":"https:\/\/nk-creations.fr\/index.php?rest_route=\/wp\/v2\/types\/page"}],"author":[{"embeddable":true,"href":"https:\/\/nk-creations.fr\/index.php?rest_route=\/wp\/v2\/users\/1"}],"replies":[{"embeddable":true,"href":"https:\/\/nk-creations.fr\/index.php?rest_route=%2Fwp%2Fv2%2Fcomments&post=29"}],"version-history":[{"count":3,"href":"https:\/\/nk-creations.fr\/index.php?rest_route=\/wp\/v2\/pages\/29\/revisions"}],"predecessor-version":[{"id":89,"href":"https:\/\/nk-creations.fr\/index.php?rest_route=\/wp\/v2\/pages\/29\/revisions\/89"}],"wp:featuredmedia":[{"embeddable":true,"href":"https:\/\/nk-creations.fr\/index.php?rest_route=\/wp\/v2\/media\/88"}],"wp:attachment":[{"href":"https:\/\/nk-creations.fr\/index.php?rest_route=%2Fwp%2Fv2%2Fmedia&parent=29"}],"curies":[{"name":"wp","href":"https:\/\/api.w.org\/{rel}","templated":true}]}}